s digit of 462449873?
3
What is the billions digit of 5872763813?
5
What is the hundreds digit of 1990497763?
7
What is the hundred thousands digit of 1541191001?
1
What is the hundred thousands digit of 29636859?
6
What is the ten millions digit of 30584483?
3
What is the hundreds digit of 230283419?
4
What is the hundred millions digit of 490571868?
4
What is the ten millions digit of 23057037?
2
What is the tens digit of 49091887?
8
What is the units digit of 13545305?
5
What is the hundred millions digit of 621963812?
6
What is the hundreds digit of 274605922?
9
What is the units digit of 199965477?
7
What is the hundreds digit of 38478626?
6
What is the hundred millions digit of 586032967?
5
What is the millions digit of 5575797945?
5
What is the thousands digit of 109959204?
9
What is the millions digit of 3476528292?
6
What is the billions digit of 2177796066?
2
What is the hundred millions digit of 886948874?
8
What is the millions digit of 115468415?
5
What is the millions digit of 35739176?
5
What is the thousands digit of 876097155?
7
What is the hundred millions digit of 4422193897?
4
What is the ten millions digit of 866703810?
6
What is the billions digit of 4312148608?
4
What is the thousands digit of 2730117911?
7
What is the millions digit of 24768088?
4
What is the hundred millions digit of 743112265?
7
What is the millions digit of 133730776?
3
What is the thousands digit of 1838516?
8
What is the tens digit of 57255835?
3
What is the billions digit of 6528340347?
6
What is the ten thousands digit of 1940974246?
7
What is the units digit of 90690582?
2
What is the tens digit of 470914326?
2
What is the tens digit of 68048351?
5
What is the ten thousands digit of 312516217?
1
What is the ten millions digit of 223884659?
2
What is the hundreds digit of 72692293?
2
What is the ten millions digit of 57157288?
5
What is the units digit of 44294179?
9
What is the hundreds digit of 3126189134?
1
What is the millions digit of 22066853?
2
What is the tens digit of 85239796?
9
What is the tens digit of 656252344?
4
What is the hundred thousands digit of 316523093?
5
What is the ten thousands digit of 887010545?
1
What is the hundred thousands digit of 2232318175?
3
What is the thousands digit of 195989071?
9
What is the tens digit of 665664536?
3
What is the ten millions digit of 350335266?
5
What is the thousands digit of 2341776450?
6
What is the units digit of 45211527?
7
What is the hundred millions digit of 4823315384?
8
What is the hundred thousands digit of 2918321172?
3
What is the tens digit of 2140713907?
0
What is the tens digit of 216956450?
5
What is the units digit of 1226888?
8
What is the billions digit of 2346657907?
2
What is the tens digit of 138610605?
0
What is the ten thousands digit of 264937499?
3
What is the thousands digit of 193484076?
4
What is the ten thousands digit of 88361129?
6
What is the thousands digit of 34187210?
7
What is the hundred thousands digit of 36643394?
6
What is the hundreds digit of 167127807?
8
What is the ten millions digit of 44845724?
4
What is the hundreds digit of 722956676?
6
What is the hundreds digit of 69776369?
3
What is the hundreds digit of 408759857?
8
What is the ten millions digit of 132897022?
3
What is the hundred thousands digit of 218090344?
0
What is the ten thousands digit of 3295122514?
2
What is the hundred millions digit of 445760812?
4
What is the thousands digit of 112314885?
4
What is the ten thousands digit of 357990154?
9
What is the ten millions digit of 7176381767?
7
What is the millions digit of 253912797?
3
What is the millions digit of 5804970?
5
What is the hundreds digit of 776259408?
4
What is the units digit of 22244398?
8
What is the hundred thousands digit of 810347651?
3
What is the hundreds digit of 62077073?
0
What is the ten millions digit of 132454555?
3
What is the hundreds digit of 725505979?
9
What is the ten millions digit of 816898617?
1
What is the hundred thousands digit of 1953316774?
3
What is the units digit of 7397997113?
3
What is the hundred thousands digit of 34810533?
8
What is the units digit of 96120059?
9
What is the tens digit of 183271344?
4
What is the thousands digit of 85427789?
7
What is the hundreds digit of 3062252?
2
What is the billions digit of 1290183065?
1
What is the billions digit of 1044842972?
1
What is the thousands digit of 59172023?
2
What is the ten millions digit of 122412179?
2
What is the hundreds digit of 16869359?
3
What is the thousands digit of 30405701?
5
What is the thousands digit of 86413563?
3
What is the ten thousands digit of 100816373?
1
What is the hundred thousands digit of 927681144?
6
What is the millions digit of 1349503494?
9
What is the millions digit of 1965194055?
5
What is the units digit of 1290092618?
8
What is the ten millions digit of 1269112429?
6
What is the units digit of 81456612?
2
What is the thousands digit of 223043941?
3
What is the millions digit of 3117105653?
7
What is the units digit of 3399825188?
8
What is the units digit of 474515679?
9
What is the units digit of 2881529062?
2
What is the hundred millions digit of 1391344073?
3
What is the tens digit of 3630969072?
7
What is the tens digit of 155259005?
0
What is the hundred thousands digit of 3851281690?
2
What is the millions digit of 641844268?
1
What is the hundred thousands digit of 2929591995?
5
What is the hundreds digit of 99985522?
5
What is the billions digit of 1528954655?
1
What is the tens digit of 555348714?
1
What is the thousands digit of 2533065292?
5
What is the thousands digit of 59758071?
8
What is the ten millions digit of 37199393?
3
What is the millions digit of 84964905?
4
What is the ten thousands digit of 232982828?
8
What is the thousands digit of 5526046?
6
What is the ten millions digit of 431752873?
3
What is the ten millions digit of 1793124727?
9
What is the ten thousands digit of 421648288?
4
What is the hundreds digit of 30835196?
1
What is the ten millions digit of 7151972480?
5
What is the ten thousands digit of 39943971?
4
What is the thousands digit of 29845877?
5
What is the hundred thousands digit of 287489798?
4
What is the thousands digit of 4273941382?
1
What is the hundred millions digit of 465027942?
4
What is the units digit of 83083610?
0
What is the thousands digit of 46062533?
2
What is the ten millions digit of 181237912?
8
What is the tens digit of 3224917363?
6
What is the tens digit of 84107057?
5
What is the tens digit of 208754170?
7
What is the units digit of 39980284?
4
What is the tens digit of 491865154?
5
What is the ten millions digit of 1730064981?
3
What is the ten millions digit of 587495774?
8
What is the hundred thousands digit of 2029267555?
2
What is the tens digit of 155506364?
6
What is the millions digit of 644685413?
4
What is the ten millions digit of 927453791?
2
What is the millions digit of 1467569436?
7
What is the hundreds digit of 199919997?
9
What is the units digit of 39577986?
6
What is the millions digit of 10326155?
0
What is the hundred thousands digit of 325398189?
3
What is the millions digit of 225840539?
5
What is the thousands digit of 2514359080?
9
What is the hundred millions digit of 536685435?
5
What is the thousands digit of 1279158063?
8
What is the hundred thousands digit of 800828707?
8
What is the hundreds digit of 9406355?
3
What is the units digit of 142993648?
8
What is the hundred thousands digit of 48673499?
6
What is the hundred millions digit of 180179396?
1
What is the millions digit of 257357756?
7
What is the hundred thousands digit of 58173847?
1
What is the tens digit of 5206329769?
6
What is the hundreds digit of 1136097908?
9
What is the tens digit of 16282474?
7
What is the ten millions digit of 40530523?
4
What is the thousands digit of 39990088?
0
What is the units digit of 1362454907?
7
What is the hundreds digit of 69090267?
2
What is the units digit of 912421756?
6
What is the hundred millions digit of 1316338808?
3
What is the millions digit of 10036736?
0
What is the hundreds digit of 68975333?
3
What is the ten millions digit of 233822229?
3
What is the ten thousands digit of 40493022?
9
What is the hundreds digit of 2412691355?
3
What is the hundreds digit of 1121324790?
7
What is t